{"id":100,"date":"2025-12-09T10:55:01","date_gmt":"2025-12-09T10:55:01","guid":{"rendered":"https:\/\/www.houseofprojects.de\/wordpress\/?page_id=100"},"modified":"2025-12-09T10:55:01","modified_gmt":"2025-12-09T10:55:01","slug":"geschichte","status":"publish","type":"page","link":"https:\/\/www.houseofprojects.de\/wordpress\/index.php\/verein\/geschichte\/","title":{"rendered":"Geschichte"},"content":{"rendered":"\t\t<div data-elementor-type=\"wp-page\" data-elementor-id=\"100\" class=\"elementor elementor-100\">\n\t\t\t\t<div class=\"elementor-element elementor-element-e664539 e-flex e-con-boxed e-con e-parent\" data-id=\"e664539\" data-element_type=\"container\" data-e-type=\"container\">\n\t\t\t\t\t<div class=\"e-con-inner\">\n\t\t\t\t<div class=\"elementor-element elementor-element-72f0285 elementor-widget elementor-widget-heading\" data-id=\"72f0285\" data-element_type=\"widget\" data-e-type=\"widget\" data-widget_type=\"heading.default\">\n\t\t\t\t\t<h2 class=\"elementor-heading-title elementor-size-default\">Vereinsgeschichte<\/h2>\t\t\t\t<\/div>\n\t\t\t\t\t<\/div>\n\t\t\t\t<\/div>\n\t\t<div class=\"elementor-element elementor-element-d970b04 e-flex e-con-boxed e-con e-parent\" data-id=\"d970b04\" data-element_type=\"container\" data-e-type=\"container\">\n\t\t\t\t\t<div class=\"e-con-inner\">\n\t\t\t\t<div class=\"elementor-element elementor-element-4e57ded elementor-widget elementor-widget-heading\" data-id=\"4e57ded\" data-element_type=\"widget\" data-e-type=\"widget\" data-widget_type=\"heading.default\">\n\t\t\t\t\t<h4 class=\"elementor-heading-title elementor-size-default\">Die Gr\u00fcndung der Spielvereinigung im Jahr 1959<\/h4>\t\t\t\t<\/div>\n\t\t\t\t<div class=\"elementor-element elementor-element-2f1a6fa elementor-widget elementor-widget-text-editor\" data-id=\"2f1a6fa\" data-element_type=\"widget\" data-e-type=\"widget\" data-widget_type=\"text-editor.default\">\n\t\t\t\t\t\t\t\t\t<p>Die SpVgg Patersdorf wurde im Jahr 1959 gegr\u00fcndet \u2013 aus dem Wunsch heraus, Fu\u00dfball endlich im eigenen Ort spielen und erleben zu k\u00f6nnen. Bereits zuvor waren viele Patersdorfer in Ruhmannsfelden und Teisnach aktiv, doch der Drang nach einer eigenen Mannschaft und einem Vereinsleben im Dorf f\u00fchrte am 4. Juli 1959 zur offiziellen Gr\u00fcndung der Spielvereinigung. Schon wenige Wochen sp\u00e4ter entstand mit gro\u00dfem Idealismus der erste Sportplatz, der haupts\u00e4chlich durch Eigenleistung und die Unterst\u00fctzung lokaler Firmen sowie einer amerikanischen Milit\u00e4reinheit gebaut wurde.<\/p>\t\t\t\t\t\t\t\t<\/div>\n\t\t\t\t\t<\/div>\n\t\t\t\t<\/div>\n\t\t<div class=\"elementor-element elementor-element-58511e8 e-flex e-con-boxed e-con e-parent\" data-id=\"58511e8\" data-element_type=\"container\" data-e-type=\"container\">\n\t\t\t\t\t<div class=\"e-con-inner\">\n\t\t\t\t<div class=\"elementor-element elementor-element-4cbb2f5 elementor-widget elementor-widget-heading\" data-id=\"4cbb2f5\" data-element_type=\"widget\" data-e-type=\"widget\" data-widget_type=\"heading.default\">\n\t\t\t\t\t<h4 class=\"elementor-heading-title elementor-size-default\">Die 1960er \u2013 Die ersten sportlichen Erfolge<\/h4>\t\t\t\t<\/div>\n\t\t\t\t<div class=\"elementor-element elementor-element-641980f elementor-widget elementor-widget-text-editor\" data-id=\"641980f\" data-element_type=\"widget\" data-e-type=\"widget\" data-widget_type=\"text-editor.default\">\n\t\t\t\t\t\t\t\t\t<p data-start=\"1271\" data-end=\"1723\">Schon kurz nach der Gr\u00fcndung stellte sich der sportliche Erfolg ein. Die junge Mannschaft erreichte zun\u00e4chst gute Platzierungen in der C-Klasse und gewann fr\u00fch ihre ersten Pokalturniere. Nur drei Jahre nach der Gr\u00fcndung gelang 1962 der erste gro\u00dfe Triumph: die Meisterschaft in der C-Klasse Viechtach-K\u00f6tzting und damit der Aufstieg in die B-Klasse. Auch die Jugendmannschaften starteten in diesen Jahren stark durch und gewannen erste Meistertitel.<\/p><p data-start=\"1725\" data-end=\"1961\">Mitte der 1960er etablierte sich Patersdorf als feste Gr\u00f6\u00dfe im regionalen Fu\u00dfballgeschehen. 1966 stieg die Mannschaft souver\u00e4n in die A-Klasse auf \u2013 ein Meilenstein, der die herausragende Entwicklung der ersten Vereinsjahre unterstrich.<\/p>\t\t\t\t\t\t\t\t<\/div>\n\t\t\t\t\t<\/div>\n\t\t\t\t<\/div>\n\t\t<div class=\"elementor-element elementor-element-dadb02a e-flex e-con-boxed e-con e-parent\" data-id=\"dadb02a\" data-element_type=\"container\" data-e-type=\"container\">\n\t\t\t\t\t<div class=\"e-con-inner\">\n\t\t\t\t<div class=\"elementor-element elementor-element-4838f61 elementor-widget elementor-widget-heading\" data-id=\"4838f61\" data-element_type=\"widget\" data-e-type=\"widget\" data-widget_type=\"heading.default\">\n\t\t\t\t\t<h4 class=\"elementor-heading-title elementor-size-default\">Die 1970er \u2013 Etablierung im regionalen Fu\u00dfball<\/h4>\t\t\t\t<\/div>\n\t\t\t\t<div class=\"elementor-element elementor-element-305fe4c elementor-widget elementor-widget-text-editor\" data-id=\"305fe4c\" data-element_type=\"widget\" data-e-type=\"widget\" data-widget_type=\"text-editor.default\">\n\t\t\t\t\t\t\t\t\t<p data-start=\"2017\" data-end=\"2289\">Den gr\u00f6\u00dften Teil der 1970er Jahre war die SpVgg Patersdorf A-Klassist und spielte oft gegen namhafte Gegner der Region. Sommer-, Volks- und Sportfeste entwickelten sich zu beliebten Traditionen und pr\u00e4gten das gesellschaftliche Leben im Ort.<\/p><p data-start=\"2291\" data-end=\"2544\">Auch im Wintersport tat sich viel: Skikurse, Ortsmeisterschaften und eine eigene Skisparte wurden gegr\u00fcndet. Gleichzeitig pflegte der Verein viele Freundschaften, etwa durch internationale Volkswandertage oder Begegnungen mit ausw\u00e4rtigen Mannschaften.<\/p><p data-start=\"2546\" data-end=\"2759\">Sportlich erlebte der Verein H\u00f6hen und Tiefen. 1977 endete die 11-j\u00e4hrige Zugeh\u00f6rigkeit zur A-Klasse mit dem Abstieg, doch Patersdorf blieb ein aktiver und lebendiger Sportverein mit einer wachsenden Jugendarbeit.<\/p>\t\t\t\t\t\t\t\t<\/div>\n\t\t\t\t\t<\/div>\n\t\t\t\t<\/div>\n\t\t<div class=\"elementor-element elementor-element-bec824d e-flex e-con-boxed e-con e-parent\" data-id=\"bec824d\" data-element_type=\"container\" data-e-type=\"container\">\n\t\t\t\t\t<div class=\"e-con-inner\">\n\t\t\t\t<div class=\"elementor-element elementor-element-d6de526 elementor-widget elementor-widget-heading\" data-id=\"d6de526\" data-element_type=\"widget\" data-e-type=\"widget\" data-widget_type=\"heading.default\">\n\t\t\t\t\t<h4 class=\"elementor-heading-title elementor-size-default\">Die 1980er \u2013 Ausbau der Jugendarbeit und neue Impulse<\/h4>\t\t\t\t<\/div>\n\t\t\t\t<div class=\"elementor-element elementor-element-8609ac3 elementor-widget elementor-widget-text-editor\" data-id=\"8609ac3\" data-element_type=\"widget\" data-e-type=\"widget\" data-widget_type=\"text-editor.default\">\n\t\t\t\t\t\t\t\t\t<p data-start=\"2822\" data-end=\"3088\">Die 80er Jahre standen klar im Zeichen der Jugend. Ob C-, B- oder A-Jugend: die Nachwuchsteams feierten zahlreiche Meistertitel, Hallenerfolge und Pokalgewinne. Viele sp\u00e4tere Leistungstr\u00e4ger durchliefen in dieser Zeit die erfolgreiche Patersdorfer Jugendf\u00f6rderung.<\/p><p data-start=\"3090\" data-end=\"3404\">Auch im Herrenbereich gab es wieder sportliche H\u00f6hepunkte: 1985 feierte die 1. Mannschaft den Aufstieg in die B-Klasse Oberer Wald. Gleichzeitig wurde die Infrastruktur des Vereins kontinuierlich verbessert \u2013 darunter die Sportplatzumz\u00e4unung, Renovierungen am Vereinsheim und der Ausbau des Trainings- und Spielbetriebes.<\/p>\t\t\t\t\t\t\t\t<\/div>\n\t\t\t\t\t<\/div>\n\t\t\t\t<\/div>\n\t\t<div class=\"elementor-element elementor-element-d868687 e-flex e-con-boxed e-con e-parent\" data-id=\"d868687\" data-element_type=\"container\" data-e-type=\"container\">\n\t\t\t\t\t<div class=\"e-con-inner\">\n\t\t\t\t<div class=\"elementor-element elementor-element-3328d8d elementor-widget elementor-widget-heading\" data-id=\"3328d8d\" data-element_type=\"widget\" data-e-type=\"widget\" data-widget_type=\"heading.default\">\n\t\t\t\t\t<h4 class=\"elementor-heading-title elementor-size-default\">Die 1990er \u2013 Erfolg, R\u00fcckschl\u00e4ge und ein Neubeginn<\/h4>\t\t\t\t<\/div>\n\t\t\t\t<div class=\"elementor-element elementor-element-5ce3b67 elementor-widget elementor-widget-text-editor\" data-id=\"5ce3b67\" data-element_type=\"widget\" data-e-type=\"widget\" data-widget_type=\"text-editor.default\">\n\t\t\t\t\t\t\t\t\t<p data-start=\"3464\" data-end=\"3667\">Die fr\u00fchen 1990er brachten erneut sportliche Erfolge. Die Jugendabteilung gl\u00e4nzte mit Meisterschaften in allen Altersklassen, und 1993 gelang der 1. Mannschaft der Aufstieg in die B-Klasse Oberer Wald.<\/p><p data-start=\"3669\" data-end=\"3972\">Mitte der 1990er durchlebte die Spielvereinigung jedoch eine der schwierigsten Phasen der Vereinsgeschichte: Ein finanzieller Schaden, zahlreiche ausstehende Rechnungen und strukturelle Probleme f\u00fchrten 1996 zu einer schweren Krise. Eine neu formierte Not-Vorstandschaft stellte den Verein jedoch wieder auf stabile Beine.<\/p><p data-start=\"3974\" data-end=\"4344\">Gleichzeitig entstand in dieser Zeit ein Jahrhundertprojekt: der Bau eines komplett neuen Sportplatzes. Zwischen 1994 und 1998 wurden am heutigen Standort \u00fcber 100.000 Kubikmeter Erdreich bewegt. Mit Hilfe der Firma R\u00e4dlinger, der Gemeinde Patersdorf, lokalen Unternehmen und unerm\u00fcdlicher Eigenleistung der Mitglieder konnte 1998 das neue Sportgel\u00e4nde schlie\u00dflich feierlich eingeweiht werden.<\/p><p data-start=\"4346\" data-end=\"4447\">1999 gelang der 1. Mannschaft mit einer herausragenden Saison der Aufstieg in die Kreisklasse.<\/p>\t\t\t\t\t\t\t\t<\/div>\n\t\t\t\t\t<\/div>\n\t\t\t\t<\/div>\n\t\t<div class=\"elementor-element elementor-element-94ed57a e-flex e-con-boxed e-con e-parent\" data-id=\"94ed57a\" data-element_type=\"container\" data-e-type=\"container\">\n\t\t\t\t\t<div class=\"e-con-inner\">\n\t\t\t\t<div class=\"elementor-element elementor-element-0435ea7 elementor-widget elementor-widget-heading\" data-id=\"0435ea7\" data-element_type=\"widget\" data-e-type=\"widget\" data-widget_type=\"heading.default\">\n\t\t\t\t\t<h4 class=\"elementor-heading-title elementor-size-default\">Die 2000er \u2013 Sportliche Herausforderungen und strukturelle Weiterentwicklung<\/h4>\t\t\t\t<\/div>\n\t\t\t\t<div class=\"elementor-element elementor-element-b4a64d9 elementor-widget elementor-widget-text-editor\" data-id=\"b4a64d9\" data-element_type=\"widget\" data-e-type=\"widget\" data-widget_type=\"text-editor.default\">\n\t\t\t\t\t\t\t\t\t<p data-start=\"4533\" data-end=\"4880\">Die 2000er Jahre waren sportlich wechselvoll: beeindruckende Pokalerfolge und starke Phasen wechselten sich mit schwierigen Spielzeiten ab. Auch Trainerwechsel und Abg\u00e4nge wichtiger Spieler pr\u00e4gten die Dekade. Mehrfach musste die Mannschaft gegen den Abstieg k\u00e4mpfen und erlebte R\u00fcckschl\u00e4ge, darunter deutliche Niederlagen in den fr\u00fchen 2000ern.<\/p><p data-start=\"4882\" data-end=\"5109\">Gleichzeitig wurde der Verein organisatorisch weiter professionalisiert. Jugendteams erzielten weiterhin Hallentitel und Meisterschaften, und engagierte Trainer sowie Betreuer sorgten f\u00fcr eine konstant starke Nachwuchsarbeit.<\/p><p data-start=\"5111\" data-end=\"5266\">Auch infrastrukturell blieb der Verein aktiv: ein Funktionsgeb\u00e4ude f\u00fcr Flutlicht und Bew\u00e4sserung kam hinzu, und das Sportgel\u00e4nde wurde weiter modernisiert.<\/p>\t\t\t\t\t\t\t\t<\/div>\n\t\t\t\t\t<\/div>\n\t\t\t\t<\/div>\n\t\t<div class=\"elementor-element elementor-element-491f6f3 e-flex e-con-boxed e-con e-parent\" data-id=\"491f6f3\" data-element_type=\"container\" data-e-type=\"container\">\n\t\t\t\t\t<div class=\"e-con-inner\">\n\t\t\t\t<div class=\"elementor-element elementor-element-3fc8640 elementor-widget elementor-widget-heading\" data-id=\"3fc8640\" data-element_type=\"widget\" data-e-type=\"widget\" data-widget_type=\"heading.default\">\n\t\t\t\t\t<h4 class=\"elementor-heading-title elementor-size-default\">Eine lebendige Tradition \u2013 bis heute<\/h4>\t\t\t\t<\/div>\n\t\t\t\t<div class=\"elementor-element elementor-element-051bd1b elementor-widget elementor-widget-text-editor\" data-id=\"051bd1b\" data-element_type=\"widget\" data-e-type=\"widget\" data-widget_type=\"text-editor.default\">\n\t\t\t\t\t\t\t\t\t<p data-start=\"5312\" data-end=\"5625\">Die SpVgg Patersdorf blickt inzwischen auf mehr als sechs Jahrzehnte voller sportlicher Erfolge, gesellschaftlicher H\u00f6hepunkte und gro\u00dfer gemeinschaftlicher Leistungen zur\u00fcck. Der Verein hat Generationen von Jugendlichen gepr\u00e4gt, zahlreiche Talente hervorgebracht und ist bis heute ein fester Treffpunkt im Ort.<\/p><p data-start=\"5627\" data-end=\"5881\">Der Geist von 1959 \u2013 Idealismus, Zusammenhalt und die Liebe zum Fu\u00dfball \u2013 ist bis heute sp\u00fcrbar. Mit einer engagierten Vorstandschaft, einer lebendigen Jugendabteilung und starkem R\u00fcckhalt in der Bev\u00f6lkerung geht der Verein zuversichtlich in die Zukunft.<\/p>\t\t\t\t\t\t\t\t<\/div>\n\t\t\t\t\t<\/div>\n\t\t\t\t<\/div>\n\t\t\t\t<\/div>\n\t\t","protected":false},"excerpt":{"rendered":"<p>Vereinsgeschichte Die Gr\u00fcndung der Spielvereinigung im Jahr 1959 Die SpVgg Patersdorf wurde im Jahr 1959 gegr\u00fcndet \u2013 aus dem Wunsch heraus, Fu\u00dfball endlich im eigenen Ort spielen und erleben zu k\u00f6nnen. Bereits zuvor waren viele Patersdorfer in Ruhmannsfelden und Teisnach aktiv, doch der Drang nach einer eigenen Mannschaft und einem Vereinsleben im Dorf f\u00fchrte am&hellip;&nbsp;<a href=\"https:\/\/www.houseofprojects.de\/wordpress\/index.php\/verein\/geschichte\/\" rel=\"bookmark\"><span class=\"screen-reader-text\">Geschichte<\/span><\/a><\/p>\n","protected":false},"author":1,"featured_media":0,"parent":98,"menu_order":1,"comment_status":"closed","ping_status":"closed","template":"page-templates\/template-pagebuilder-full-width.php","meta":{"neve_meta_sidebar":"","neve_meta_container":"","neve_meta_enable_content_width":"","neve_meta_content_width":0,"neve_meta_title_alignment":"","neve_meta_author_avatar":"","neve_post_elements_order":"","neve_meta_disable_header":"","neve_meta_disable_footer":"","neve_meta_disable_title":"","footnotes":""},"class_list":["post-100","page","type-page","status-publish","hentry"],"yoast_head":"<!-- This site is optimized with the Yoast SEO plugin v27.3 - https:\/\/yoast.com\/product\/yoast-seo-wordpress\/ -->\n<title>Geschichte - SpVgg Patersdorf<\/title>\n<meta name=\"robots\" content=\"index, follow, max-snippet:-1, max-image-preview:large, max-video-preview:-1\" \/>\n<link rel=\"canonical\" href=\"https:\/\/www.houseofprojects.de\/wordpress\/index.php\/verein\/geschichte\/\" \/>\n<meta property=\"og:locale\" content=\"de_DE\" \/>\n<meta property=\"og:type\" content=\"article\" \/>\n<meta property=\"og:title\" content=\"Geschichte - SpVgg Patersdorf\" \/>\n<meta property=\"og:description\" content=\"Vereinsgeschichte Die Gr\u00fcndung der Spielvereinigung im Jahr 1959 Die SpVgg Patersdorf wurde im Jahr 1959 gegr\u00fcndet \u2013 aus dem Wunsch heraus, Fu\u00dfball endlich im eigenen Ort spielen und erleben zu k\u00f6nnen. Bereits zuvor waren viele Patersdorfer in Ruhmannsfelden und Teisnach aktiv, doch der Drang nach einer eigenen Mannschaft und einem Vereinsleben im Dorf f\u00fchrte am&hellip;&nbsp;Geschichte\" \/>\n<meta property=\"og:url\" content=\"https:\/\/www.houseofprojects.de\/wordpress\/index.php\/verein\/geschichte\/\" \/>\n<meta property=\"og:site_name\" content=\"SpVgg Patersdorf\" \/>\n<meta property=\"article:publisher\" content=\"https:\/\/www.facebook.com\/spvggpatersdorf\/\" \/>\n<meta name=\"twitter:card\" content=\"summary_large_image\" \/>\n<meta name=\"twitter:label1\" content=\"Gesch\u00e4tzte Lesezeit\" \/>\n\t<meta name=\"twitter:data1\" content=\"4\u00a0Minuten\" \/>\n<script type=\"application\/ld+json\" class=\"yoast-schema-graph\">{\"@context\":\"https:\\\/\\\/schema.org\",\"@graph\":[{\"@type\":\"WebPage\",\"@id\":\"https:\\\/\\\/www.houseofprojects.de\\\/wordpress\\\/index.php\\\/verein\\\/geschichte\\\/\",\"url\":\"https:\\\/\\\/www.houseofprojects.de\\\/wordpress\\\/index.php\\\/verein\\\/geschichte\\\/\",\"name\":\"Geschichte - SpVgg Patersdorf\",\"isPartOf\":{\"@id\":\"https:\\\/\\\/www.houseofprojects.de\\\/wordpress\\\/#website\"},\"datePublished\":\"2025-12-09T10:55:01+00:00\",\"breadcrumb\":{\"@id\":\"https:\\\/\\\/www.houseofprojects.de\\\/wordpress\\\/index.php\\\/verein\\\/geschichte\\\/#breadcrumb\"},\"inLanguage\":\"de\",\"potentialAction\":[{\"@type\":\"ReadAction\",\"target\":[\"https:\\\/\\\/www.houseofprojects.de\\\/wordpress\\\/index.php\\\/verein\\\/geschichte\\\/\"]}]},{\"@type\":\"BreadcrumbList\",\"@id\":\"https:\\\/\\\/www.houseofprojects.de\\\/wordpress\\\/index.php\\\/verein\\\/geschichte\\\/#breadcrumb\",\"itemListElement\":[{\"@type\":\"ListItem\",\"position\":1,\"name\":\"Startseite\",\"item\":\"https:\\\/\\\/www.houseofprojects.de\\\/wordpress\\\/\"},{\"@type\":\"ListItem\",\"position\":2,\"name\":\"Verein\",\"item\":\"https:\\\/\\\/www.houseofprojects.de\\\/wordpress\\\/index.php\\\/verein\\\/\"},{\"@type\":\"ListItem\",\"position\":3,\"name\":\"Geschichte\"}]},{\"@type\":\"WebSite\",\"@id\":\"https:\\\/\\\/www.houseofprojects.de\\\/wordpress\\\/#website\",\"url\":\"https:\\\/\\\/www.houseofprojects.de\\\/wordpress\\\/\",\"name\":\"SpVgg Patersdorf\",\"description\":\"Freundschaft. Zusammenhalt. Akzeptanz der Jugend. \",\"publisher\":{\"@id\":\"https:\\\/\\\/www.houseofprojects.de\\\/wordpress\\\/#organization\"},\"potentialAction\":[{\"@type\":\"SearchAction\",\"target\":{\"@type\":\"EntryPoint\",\"urlTemplate\":\"https:\\\/\\\/www.houseofprojects.de\\\/wordpress\\\/?s={search_term_string}\"},\"query-input\":{\"@type\":\"PropertyValueSpecification\",\"valueRequired\":true,\"valueName\":\"search_term_string\"}}],\"inLanguage\":\"de\"},{\"@type\":\"Organization\",\"@id\":\"https:\\\/\\\/www.houseofprojects.de\\\/wordpress\\\/#organization\",\"name\":\"SpVgg Patersdorf\",\"url\":\"https:\\\/\\\/www.houseofprojects.de\\\/wordpress\\\/\",\"logo\":{\"@type\":\"ImageObject\",\"inLanguage\":\"de\",\"@id\":\"https:\\\/\\\/www.houseofprojects.de\\\/wordpress\\\/#\\\/schema\\\/logo\\\/image\\\/\",\"url\":\"https:\\\/\\\/www.houseofprojects.de\\\/wordpress\\\/wp-content\\\/uploads\\\/2025\\\/11\\\/Logo_rot_ball_schwarz_transparent-3.png\",\"contentUrl\":\"https:\\\/\\\/www.houseofprojects.de\\\/wordpress\\\/wp-content\\\/uploads\\\/2025\\\/11\\\/Logo_rot_ball_schwarz_transparent-3.png\",\"width\":1200,\"height\":1600,\"caption\":\"SpVgg Patersdorf\"},\"image\":{\"@id\":\"https:\\\/\\\/www.houseofprojects.de\\\/wordpress\\\/#\\\/schema\\\/logo\\\/image\\\/\"},\"sameAs\":[\"https:\\\/\\\/www.facebook.com\\\/spvggpatersdorf\\\/\",\"https:\\\/\\\/www.instagram.com\\\/spvggpatersdorf\\\/\"]}]}<\/script>\n<!-- \/ Yoast SEO plugin. -->","yoast_head_json":{"title":"Geschichte - SpVgg Patersdorf","robots":{"index":"index","follow":"follow","max-snippet":"max-snippet:-1","max-image-preview":"max-image-preview:large","max-video-preview":"max-video-preview:-1"},"canonical":"https:\/\/www.houseofprojects.de\/wordpress\/index.php\/verein\/geschichte\/","og_locale":"de_DE","og_type":"article","og_title":"Geschichte - SpVgg Patersdorf","og_description":"Vereinsgeschichte Die Gr\u00fcndung der Spielvereinigung im Jahr 1959 Die SpVgg Patersdorf wurde im Jahr 1959 gegr\u00fcndet \u2013 aus dem Wunsch heraus, Fu\u00dfball endlich im eigenen Ort spielen und erleben zu k\u00f6nnen. Bereits zuvor waren viele Patersdorfer in Ruhmannsfelden und Teisnach aktiv, doch der Drang nach einer eigenen Mannschaft und einem Vereinsleben im Dorf f\u00fchrte am&hellip;&nbsp;Geschichte","og_url":"https:\/\/www.houseofprojects.de\/wordpress\/index.php\/verein\/geschichte\/","og_site_name":"SpVgg Patersdorf","article_publisher":"https:\/\/www.facebook.com\/spvggpatersdorf\/","twitter_card":"summary_large_image","twitter_misc":{"Gesch\u00e4tzte Lesezeit":"4\u00a0Minuten"},"schema":{"@context":"https:\/\/schema.org","@graph":[{"@type":"WebPage","@id":"https:\/\/www.houseofprojects.de\/wordpress\/index.php\/verein\/geschichte\/","url":"https:\/\/www.houseofprojects.de\/wordpress\/index.php\/verein\/geschichte\/","name":"Geschichte - SpVgg Patersdorf","isPartOf":{"@id":"https:\/\/www.houseofprojects.de\/wordpress\/#website"},"datePublished":"2025-12-09T10:55:01+00:00","breadcrumb":{"@id":"https:\/\/www.houseofprojects.de\/wordpress\/index.php\/verein\/geschichte\/#breadcrumb"},"inLanguage":"de","potentialAction":[{"@type":"ReadAction","target":["https:\/\/www.houseofprojects.de\/wordpress\/index.php\/verein\/geschichte\/"]}]},{"@type":"BreadcrumbList","@id":"https:\/\/www.houseofprojects.de\/wordpress\/index.php\/verein\/geschichte\/#breadcrumb","itemListElement":[{"@type":"ListItem","position":1,"name":"Startseite","item":"https:\/\/www.houseofprojects.de\/wordpress\/"},{"@type":"ListItem","position":2,"name":"Verein","item":"https:\/\/www.houseofprojects.de\/wordpress\/index.php\/verein\/"},{"@type":"ListItem","position":3,"name":"Geschichte"}]},{"@type":"WebSite","@id":"https:\/\/www.houseofprojects.de\/wordpress\/#website","url":"https:\/\/www.houseofprojects.de\/wordpress\/","name":"SpVgg Patersdorf","description":"Freundschaft. Zusammenhalt. Akzeptanz der Jugend. ","publisher":{"@id":"https:\/\/www.houseofprojects.de\/wordpress\/#organization"},"potentialAction":[{"@type":"SearchAction","target":{"@type":"EntryPoint","urlTemplate":"https:\/\/www.houseofprojects.de\/wordpress\/?s={search_term_string}"},"query-input":{"@type":"PropertyValueSpecification","valueRequired":true,"valueName":"search_term_string"}}],"inLanguage":"de"},{"@type":"Organization","@id":"https:\/\/www.houseofprojects.de\/wordpress\/#organization","name":"SpVgg Patersdorf","url":"https:\/\/www.houseofprojects.de\/wordpress\/","logo":{"@type":"ImageObject","inLanguage":"de","@id":"https:\/\/www.houseofprojects.de\/wordpress\/#\/schema\/logo\/image\/","url":"https:\/\/www.houseofprojects.de\/wordpress\/wp-content\/uploads\/2025\/11\/Logo_rot_ball_schwarz_transparent-3.png","contentUrl":"https:\/\/www.houseofprojects.de\/wordpress\/wp-content\/uploads\/2025\/11\/Logo_rot_ball_schwarz_transparent-3.png","width":1200,"height":1600,"caption":"SpVgg Patersdorf"},"image":{"@id":"https:\/\/www.houseofprojects.de\/wordpress\/#\/schema\/logo\/image\/"},"sameAs":["https:\/\/www.facebook.com\/spvggpatersdorf\/","https:\/\/www.instagram.com\/spvggpatersdorf\/"]}]}},"_links":{"self":[{"href":"https:\/\/www.houseofprojects.de\/wordpress\/index.php\/wp-json\/wp\/v2\/pages\/100","targetHints":{"allow":["GET"]}}],"collection":[{"href":"https:\/\/www.houseofprojects.de\/wordpress\/index.php\/wp-json\/wp\/v2\/pages"}],"about":[{"href":"https:\/\/www.houseofprojects.de\/wordpress\/index.php\/wp-json\/wp\/v2\/types\/page"}],"author":[{"embeddable":true,"href":"https:\/\/www.houseofprojects.de\/wordpress\/index.php\/wp-json\/wp\/v2\/users\/1"}],"replies":[{"embeddable":true,"href":"https:\/\/www.houseofprojects.de\/wordpress\/index.php\/wp-json\/wp\/v2\/comments?post=100"}],"version-history":[{"count":20,"href":"https:\/\/www.houseofprojects.de\/wordpress\/index.php\/wp-json\/wp\/v2\/pages\/100\/revisions"}],"predecessor-version":[{"id":508,"href":"https:\/\/www.houseofprojects.de\/wordpress\/index.php\/wp-json\/wp\/v2\/pages\/100\/revisions\/508"}],"up":[{"embeddable":true,"href":"https:\/\/www.houseofprojects.de\/wordpress\/index.php\/wp-json\/wp\/v2\/pages\/98"}],"wp:attachment":[{"href":"https:\/\/www.houseofprojects.de\/wordpress\/index.php\/wp-json\/wp\/v2\/media?parent=100"}],"curies":[{"name":"wp","href":"https:\/\/api.w.org\/{rel}","templated":true}]}}